00101000 (base 2) to base 11
-22716
Convert -6066 (base 7) to base 2.
-100000111010
Convert 14418 (base 9) to base 2.
10011001011010
286 (base 9) to base 8
360
138e7 (base 16) to base 2
10011100011100111
Convert 2318 (base 11) to base 3.
11011202
-1133240 (base 5) to base 8
-51116
Convert -1010010000 (base 2) to base 3.
-220022
Convert 111011100 (base 2) to base 13.
2a8
Convert 1022 (base 3) to base 9.
38
-5b3d (base 14) to base 5
-1002211
Convert -230201 (base 4) to base 2.
-101100100001
Convert 1300 (base 4) to base 11.
a2
Convert -3202 (base 4) to base 8.
-342
What is -1103131 (base 5) in base 2?
-100101011011110
What is 232 (base 12) in base 3?
110002
What is -e38 (base 16) in base 7?
-13420
Convert -60d (base 15) to base 12.
-957
-2456 (base 7) to base 12
-64b
Convert -1421000 (base 5) to base 14.
-aa72
-1000001001 (base 2) to base 14
-293
1024 (base 6) to base 16
e8
Convert -15462 (base 10) to base 3.
-210012200
-5bd (base 14) to base 5
-14042
What is -1011111110 (base 2) in base 10?
-766
What is 4bb6 (base 13) in base 2?
10101000101100
Convert -242c (base 13) to base 12.
-2b58
Convert 11000011 (base 2) to base 8.
303
-6c8 (base 16) to base 7
-5030
Convert 51 (base 15) to base 13.
5b
What is 174a (base 14) in base 6?
31210
Convert -60564 (base 7) to base 15.
-454c
What is -22111200 (base 3) in base 13?
-2a90
Convert -1467 (base 13) to base 12.
-1866
111343 (base 6) to base 13
439b
What is 416 (base 9) in base 16?
153
Convert -4bb (base 13) to base 9.
-1122
-22120102 (base 4) to base 16
-a612
Convert 1001000 (base 2) to base 14.
52
What is 2000200 (base 3) in base 10?
1476
What is d3a9 (base 15) in base 13?
17472
What is 12200 (base 5) in base 2?
1110011101
What is -106424 (base 7) in base 9?
-28148
7115 (base 13) to base 12
9012
Convert 29a4 (base 15) to base 16.
22e1
What is -1333 (base 10) in base 13?
-7b7
What is 15500 (base 7) in base 8?
10411
Convert -262 (base 8) to base 3.
-20121
What is -1068 (base 10) in base 3?
-1110120
-325 (base 8) to base 3
-21220
What is 11023 (base 4) in base 12?
237
What is 66 (base 15) in base 6?
240
What is -210210 (base 4) in base 16?
-924
Convert 2244 (base 6) to base 3.
201201
Convert 8b8 (base 14) to base 16.
6c2
Convert 2260 (base 7) to base 15.
3a1
Convert 10132 (base 9) to base 6.
50515
What is -860 (base 9) in base 2?
-1010111110
Convert 3463 (base 8) to base 16.
733
11001110000 (base 2) to base 16
670
Convert -855a (base 13) to base 11.
-12995
What is -1067 (base 8) in base 16?
-237
Convert 9c (base 13) to base 11.
108
Convert -6778 (base 13) to base 14.
-53b2
Convert -112224 (base 5) to base 2.
-111111100000
130303 (base 5) to base 14
1bca
17b (base 14) to base 15
155
Convert 2221330 (base 5) to base 14.
102b3
What is -100010101010 (base 2) in base 7?
-6316
Convert 20020122 (base 3) to base 5.
121203
Convert -7481 (base 9) to base 13.
-2671
Convert -1770 (base 8) to base 6.
-4412
-1292 (base 10) to base 7
-3524
-ac (base 13) to base 2
-10001110
-1694 (base 13) to base 5
-101312
-220 (base 11) to base 14
-14c
What is -7747 (base 10) in base 4?
-1321003
-1111010011001 (base 2) to base 8
-17231
-1120122 (base 3) to base 12
-7bb
3013013 (base 4) to base 9
18428
-3551 (base 7) to base 13
-79a
What is -1260 (base 7) in base 11?
-3aa
-10041 (base 5) to base 11
-538
Convert -2086 (base 13) to base 4.
-1012120
-236 (base 9) to base 16
-c3
Convert -102323 (base 4) to base 16.
-4bb
802 (base 12) to base 9
1522
What is -3762 (base 14) in base 6?
-112510
-ac6c (base 13) to base 2
-101111000011000
What is 1101101010000 (base 2) in base 12?
4068
What is -66355 (base 9) in base 5?
-2402113
243d (base 14) to base 4
1202313
Convert -996 (base 14) to base 5.
-30041
-33021 (base 10) to base 2
-1000000011111101
What is -122113 (base 4) in base 3?
-2022111
Convert -2220 (base 5) to base 9.
-374
233310 (base 4) to base 14
1188
What is 20300 (base 4) in base 16?
230
-133322 (base 4) to base 3
-2210122
What is -1604 (base 7) in base 5?
-10031
What is 16b (base 16) in base 5?
2423
What is -53e8 (base 16) in base 5?
-1141410
What is -281 (base 11) in base 14?
-199
What is 20020101 (base 3) in base 15?
1531
Convert -14324 (base 11) to base 8.
-47602
What is -1ca1 (base 13) in base 12?
-2630
-123100 (base 4) to base 7
-5041
Convert -28311 (base 11) to base 6.
-510333
Convert -4241 (base 8) to base 9.
-3024
-10521 (base 6) to base 2
-10111010001
Convert 111012 (base 3) to base 11.
2a4
Convert -254 (base 6) to base 16.
-6a
-9899 (base 12) to base 15
-4eb6
Convert 105 (base 14) to base 7.
405
142244 (base 5) to base 7
23226
What is 200212202 (base 3) in base 8?
32703
Convert -331 (base 16) to base 15.
-397
-1203112 (base 6) to base 13
-22826
Convert 2033 (base 8) to base 15.
4a1
-678 (base 14) to base 12
-8aa
-1010110001 (base 2) to base 4
-22301
Convert 2675 (base 9) to base 12.
11b8
33e2 (base 16) to base 10
13282
63234 (base 7) to base 13
710a
-1299 (base 14) to base 3
-11111011
Convert 3045 (base 6) to base 9.
832
Convert 23720 (base 10) to base 15.
7065
What is -637 (base 10) in base 14?
-337
Convert 147a (base 11) to base 3.
2121110
What is 2bbd (base 14) in base 13?
372b
Convert -2d03 (base 15) to base 13.
-4536
Convert a8 (base 14) to base 12.
104
Convert 221112 (base 3) to base 6.
3105
Convert 200102 (base 3) to base 12.
355
Convert 12223 (base 8) to base 6.
40215
What is 441 (base 13) in base 2?
1011011001
Convert -206102 (base 7) to base 6.
-433215
-1652 (base 9) to base 7
-3452
What is -3210 (base 6) in base 16?
-2d6
Convert 2022221 (base 3) to base 16.
6a3
Convert -221302 (base 6) to base 12.
-a832
Convert 4a72 (base 13) to base 11.
7a40
Convert -927 (base 16) to base 13.
-10b3
What is 62a (base 16) in base 15?
703
20221 (base 3) to base 10
187
10323323 (base 4) to base 7
112643
What is -16144 (base 8) in base 5?
-213033
2526 (base 7) to base 14
4bd
What is -2040214 (base 5) in base 16?
-8411
What is 231143 (base 5) in base 6?
102230
What is -771 (base 9) in base 15?
-2c1
145050 (base 6) to base 10
14070
-3f1f (base 16) to base 2
-11111100011111
Convert -11234 (base 6) to base 8.
-3106
531 (base 6) to base 8
307
a811 (base 11) to base 10
14290
Convert -13314 (base 8) to base 5.
-141321
What is -205333 (base 6) in base 3?
-211222210
Convert 14753 (base 9) to base 6.
114420
Convert -30421 (base 5) to base 15.
-8c6
486 (base 13) to base 15
376
-1199 (base 10) to base 4
-102233
Convert 40500 (base 7) to base 16.
2679
What is -15454 (base 6) in base 3?
-10111121
-10453 (base 7) to base 12
-1637
What is 11111110 (base 2) in base 6?
1102
What is 2174 (base 12) in base 8?
7150
What is 4132 (base 10) in base 15?
1357
Convert 35a (base 12) to base 5.
4002
Convert -463 (base 9) to base 2.
-101111101
What is -8c6 (base 13) in base 8?
-2752
What is 103225 (base 6) in base 7?
33551
-97 (base 15) to base 2
-10001110
What is 2002130 (base 4) in base 12?
49b8
Convert 101324 (base 5) to base 9.
4520
What is -1516 (base 11) in base 15?
-8a3
What is -6 (base 10) in base 7?
-6
What is 1111011111010 (base 2) in base 12?
470a
Convert 1210100 (base 3) to base 8.
2431
Convert -11222 (base 5) to base 13.
-4a6
What is -40577 (base 8) in base 11?
-11663
Convert 8882 (base 12) to base 15.
46ee
Convert -3210 (base 5) to base 11.
-361
-1456 (base 7) to base 15
-28a
What is -1112111 (base 4) in base 15?
-1985
Convert -2a61 (base 13) to base 6.
-44311
1022201 (base 3) to base 15
444
Convert 13163 (base 8) to base 13.
2801
-23255 (base 7) to base 3
-22012002
What is 11232 (base 11) in base 13?
751c
10000010001010 (base 2) to base 13
3a3a
131201 (base 4) to base 14
98d
103243 (base 7) to base 12
a491
What is 80db (base 14) in base 4?
11122001
What is -1010001000010 (base 2) in base 10?
-5186
-122221122 (base 3) to base 9
-18848
What is 505 (base 12) in base 6?
3205
784 (base 15) to base 3
2022221
What is 55 (base 9) in base 2?
110010
What is 12213 (base 6) in base 15?
809
What is 23233 (base 4) in base 9?
1024
Convert 662 (base 9) to base 12.
392
Convert -110543 (base 7) to base 5.
-1110414
67 (base 14) to base 15
61
Convert -4611 (base 15) to base 5.
-433431
Convert -1552 (base 7) to base 6.
-2521
Convert -101101 (base 2) to base 4.
-231
What is b28c (base 13) in base 8?
60055
13a5 (base 11) to base 15
809
What is -1214022 (base 5) in base 